{"id":16065,"date":"2024-01-10T14:29:56","date_gmt":"2024-01-10T13:29:56","guid":{"rendered":"https:\/\/vyvoj2.webgradecloud.cz\/?page_id=16065"},"modified":"2025-07-24T09:32:10","modified_gmt":"2025-07-24T07:32:10","slug":"technika","status":"publish","type":"page","link":"https:\/\/horskelouky.cz\/index.php\/technika\/","title":{"rendered":"Technika"},"content":{"rendered":"\t\t<div data-elementor-type=\"wp-page\" data-elementor-id=\"16065\" class=\"elementor elementor-16065\" data-elementor-post-type=\"page\">\n\t\t\t\t<div class=\"elementor-element elementor-element-17df9abe e-flex e-con-boxed e-con e-parent\" data-id=\"17df9abe\" data-element_type=\"container\" data-settings=\"{&quot;content_width&quot;:&quot;boxed&quot;}\" data-core-v316-plus=\"true\">\n\t\t\t\t\t<div class=\"e-con-inner\">\n\t\t<div class=\"elementor-element elementor-element-159eab15 e-flex e-con-boxed e-con e-child\" data-id=\"159eab15\" data-element_type=\"container\" data-settings=\"{&quot;content_width&quot;:&quot;boxed&quot;}\">\n\t\t\t\t\t<div class=\"e-con-inner\">\n\t\t<div class=\"elementor-element elementor-element-70d5f75c e-flex e-con-boxed e-con e-child\" data-id=\"70d5f75c\" data-element_type=\"container\" data-settings=\"{&quot;content_width&quot;:&quot;boxed&quot;}\">\n\t\t\t\t\t<div class=\"e-con-inner\">\n\t\t\t\t<div class=\"elementor-element elementor-element-6e702f77 animated-slow elementor-invisible elementor-widget elementor-widget-heading\" data-id=\"6e702f77\" data-element_type=\"widget\" data-settings=\"{&quot;_animation&quot;:&quot;fadeIn&quot;,&quot;_animation_delay&quot;:700}\" data-widget_type=\"heading.default\">\n\t\t\t\t<div class=\"elementor-widget-container\">\n\t\t\t<style>\/*! elementor - v3.19.0 - 29-01-2024 *\/\n.elementor-heading-title{padding:0;margin:0;line-height:1}.elementor-widget-heading .elementor-heading-title[class*=elementor-size-]>a{color:inherit;font-size:inherit;line-height:inherit}.elementor-widget-heading .elementor-heading-title.elementor-size-small{font-size:15px}.elementor-widget-heading .elementor-heading-title.elementor-size-medium{font-size:19px}.elementor-widget-heading .elementor-heading-title.elementor-size-large{font-size:29px}.elementor-widget-heading .elementor-heading-title.elementor-size-xl{font-size:39px}.elementor-widget-heading .elementor-heading-title.elementor-size-xxl{font-size:59px}<\/style><h3 class=\"elementor-heading-title elementor-size-default\">Seznam techniky:<\/h3>\t\t<\/div>\n\t\t\t\t<\/div>\n\t\t\t\t<div class=\"elementor-element elementor-element-483ef91a animated-slow elementor-invisible elementor-widget elementor-widget-text-editor\" data-id=\"483ef91a\" data-element_type=\"widget\" data-settings=\"{&quot;_animation&quot;:&quot;fadeIn&quot;,&quot;_animation_delay&quot;:900}\" data-widget_type=\"text-editor.default\">\n\t\t\t\t<div class=\"elementor-widget-container\">\n\t\t\t<style>\/*! elementor - v3.19.0 - 29-01-2024 *\/\n.elementor-widget-text-editor.elementor-drop-cap-view-stacked .elementor-drop-cap{background-color:#69727d;color:#fff}.elementor-widget-text-editor.elementor-drop-cap-view-framed .elementor-drop-cap{color:#69727d;border:3px solid;background-color:transparent}.elementor-widget-text-editor:not(.elementor-drop-cap-view-default) .elementor-drop-cap{margin-top:8px}.elementor-widget-text-editor:not(.elementor-drop-cap-view-default) .elementor-drop-cap-letter{width:1em;height:1em}.elementor-widget-text-editor .elementor-drop-cap{float:left;text-align:center;line-height:1;font-size:50px}.elementor-widget-text-editor .elementor-drop-cap-letter{display:inline-block}<\/style>\t\t\t\t<p>1x &#8211; Traktor Antonio Carraro TTR 10900<br \/>1x &#8211; Traktor Antonio Carraro TTR 8900R<br \/>2x &#8211; Mul\u010dova\u010d HUMUS A200H<br \/>1x &#8211; Horsk\u00e1 p\u0159edn\u00ed diskov\u00e1 seka\u010dka\u00a0P\u00f6ttinger NOVAALPIN 221B<br \/>1x &#8211; Horsk\u00fd obrace\u010d\u00a0P\u00f6ttinger ALPINHIT 4.4 H<br \/>1x &#8211; Horsk\u00fd shrnova\u010d\u00a0P\u00f6ttinger ALPINTOP 300 U<br \/>1x &#8211; Lesn\u00ed lanov\u00fd navij\u00e1k LN 5t PROFI<br \/>1x &#8211; Naklada\u010d Bonatti MP4922, lopata, vidle<br \/>1x &#8211; Bal\u00edkova\u010d Welger AP45<br \/>1x &#8211; T\u0159\u00edstrann\u00fd skl\u00e1p\u011b\u010d &#8211; n\u00e1kladn\u00ed p\u0159\u00edv\u011bs Agados Porthos<br \/>1x &#8211; \u0160t\u011bpkova\u010d Bystro\u0148 PIRANA<br \/>1x &#8211; P\u016fdn\u00ed vrt\u00e1k Bystro\u0148<br \/>1x &#8211; Ocelod\u0159ev\u011bn\u00fd \u017eeb\u0159i\u0148\u00e1k na svoz sena<br \/><span style=\"text-align: var(--text-align);\">2x &#8211; Benz\u00ednov\u00e1 pila Dolmar PS 35 C<br \/><\/span><span style=\"text-align: var(--text-align);\">1x &#8211; Benz\u00ednov\u00e1 pila Dolmar PS-7900HS \/li\u0161ta a\u017e 100cm\/<br \/><\/span><span style=\"text-align: var(--text-align);\">2x &#8211; Benz\u00ednov\u00fd k\u0159ovinorez Dolmar ms 4510<br \/><\/span><span style=\"text-align: var(--text-align);\">1x &#8211; Benz\u00ednov\u00fd plotost\u0159ih Echo HCR-165ES<\/span><\/p>\t\t\t\t\t\t<\/div>\n\t\t\t\t<\/div>\n\t\t\t\t\t<\/div>\n\t\t\t\t<\/div>\n\t\t<div class=\"elementor-element elementor-element-fd4ab69 animated-slow e-flex e-con-boxed elementor-invisible e-con e-child\" data-id=\"fd4ab69\" data-element_type=\"container\" data-settings=\"{&quot;animation&quot;:&quot;fadeIn&quot;,&quot;animation_delay&quot;:500,&quot;content_width&quot;:&quot;boxed&quot;}\">\n\t\t\t\t\t<div class=\"e-con-inner\">\n\t\t\t\t<div class=\"elementor-element elementor-element-7bab1844 elementor-widget elementor-widget-image\" data-id=\"7bab1844\" data-element_type=\"widget\" data-widget_type=\"image.default\">\n\t\t\t\t<div class=\"elementor-widget-container\">\n\t\t\t<style>\/*! elementor - v3.19.0 - 29-01-2024 *\/\n.elementor-widget-image{text-align:center}.elementor-widget-image a{display:inline-block}.elementor-widget-image a img[src$=\".svg\"]{width:48px}.elementor-widget-image img{vertical-align:middle;display:inline-block}<\/style>\t\t\t\t\t\t\t\t\t\t<img fetchpriority=\"high\" decoding=\"async\" width=\"800\" height=\"995\" src=\"https:\/\/horskelouky.cz\/wp-content\/uploads\/2024\/01\/technika-1-823x1024.jpg\" class=\"attachment-large size-large wp-image-16516\" alt=\"Mul\u010dov\u00e1n\u00ed Krkono\u0161e\" srcset=\"https:\/\/horskelouky.cz\/wp-content\/uploads\/2024\/01\/technika-1-823x1024.jpg 823w, https:\/\/horskelouky.cz\/wp-content\/uploads\/2024\/01\/technika-1-241x300.jpg 241w, https:\/\/horskelouky.cz\/wp-content\/uploads\/2024\/01\/technika-1-768x955.jpg 768w, https:\/\/horskelouky.cz\/wp-content\/uploads\/2024\/01\/technika-1.jpg 1000w\" sizes=\"(max-width: 800px) 100vw, 800px\" \/>\t\t\t\t\t\t\t\t\t\t\t\t\t<\/div>\n\t\t\t\t<\/div>\n\t\t\t\t\t<\/div>\n\t\t\t\t<\/div>\n\t\t\t\t\t<\/div>\n\t\t\t\t<\/div>\n\t\t\t\t\t<\/div>\n\t\t\t\t<\/div>\n\t\t\t\t<\/div>\n\t\t","protected":false},"excerpt":{"rendered":"<p>Seznam techniky: 1x &#8211; Traktor Antonio Carraro TTR 109001x &#8211; Traktor Antonio Carraro TTR 8900R2x &#8211; Mul\u010dova\u010d HUMUS A200H1x &#8211; Horsk\u00e1 p\u0159edn\u00ed diskov\u00e1 seka\u010dka\u00a0P\u00f6ttinger NOVAALPIN 221B1x &#8211; Horsk\u00fd obrace\u010d\u00a0P\u00f6ttinger ALPINHIT 4.4 H1x &#8211; Horsk\u00fd shrnova\u010d\u00a0P\u00f6ttinger ALPINTOP 300 U1x &#8211; Lesn\u00ed lanov\u00fd navij\u00e1k LN 5t PROFI1x &#8211; Naklada\u010d Bonatti MP4922, lopata, vidle1x &#8211; Bal\u00edkova\u010d Welger AP451x [&hellip;]<\/p>\n","protected":false},"author":1,"featured_media":16233,"parent":0,"menu_order":0,"comment_status":"closed","ping_status":"closed","template":"","meta":{"footnotes":""},"yoast_head":"<!-- This site is optimized with the Yoast SEO plugin v21.9.1 - https:\/\/yoast.com\/wordpress\/plugins\/seo\/ -->\n<title>Technika - Horsk\u00e9 louky<\/title>\n<meta name=\"robots\" content=\"index, follow, max-snippet:-1, max-image-preview:large, max-video-preview:-1\" \/>\n<link rel=\"canonical\" href=\"https:\/\/horskelouky.cz\/index.php\/technika\/\" \/>\n<meta property=\"og:locale\" content=\"cs_CZ\" \/>\n<meta property=\"og:type\" content=\"article\" \/>\n<meta property=\"og:title\" content=\"Technika - Horsk\u00e9 louky\" \/>\n<meta property=\"og:description\" content=\"Seznam techniky: 1x &#8211; Traktor Antonio Carraro TTR 109001x &#8211; Traktor Antonio Carraro TTR 8900R2x &#8211; Mul\u010dova\u010d HUMUS A200H1x &#8211; Horsk\u00e1 p\u0159edn\u00ed diskov\u00e1 seka\u010dka\u00a0P\u00f6ttinger NOVAALPIN 221B1x &#8211; Horsk\u00fd obrace\u010d\u00a0P\u00f6ttinger ALPINHIT 4.4 H1x &#8211; Horsk\u00fd shrnova\u010d\u00a0P\u00f6ttinger ALPINTOP 300 U1x &#8211; Lesn\u00ed lanov\u00fd navij\u00e1k LN 5t PROFI1x &#8211; Naklada\u010d Bonatti MP4922, lopata, vidle1x &#8211; Bal\u00edkova\u010d Welger AP451x [&hellip;]\" \/>\n<meta property=\"og:url\" content=\"https:\/\/horskelouky.cz\/index.php\/technika\/\" \/>\n<meta property=\"og:site_name\" content=\"Horsk\u00e9 louky\" \/>\n<meta property=\"article:modified_time\" content=\"2025-07-24T07:32:10+00:00\" \/>\n<meta property=\"og:image\" content=\"https:\/\/horskelouky.cz\/wp-content\/uploads\/2024\/01\/spring-meadow-1.jpg\" \/>\n\t<meta property=\"og:image:width\" content=\"2000\" \/>\n\t<meta property=\"og:image:height\" content=\"1325\" \/>\n\t<meta property=\"og:image:type\" content=\"image\/jpeg\" \/>\n<meta name=\"twitter:card\" content=\"summary_large_image\" \/>\n<meta name=\"twitter:label1\" content=\"Odhadovan\u00e1 doba \u010dten\u00ed\" \/>\n\t<meta name=\"twitter:data1\" content=\"1 minuta\" \/>\n<script type=\"application\/ld+json\" class=\"yoast-schema-graph\">{\"@context\":\"https:\/\/schema.org\",\"@graph\":[{\"@type\":\"WebPage\",\"@id\":\"https:\/\/horskelouky.cz\/index.php\/technika\/\",\"url\":\"https:\/\/horskelouky.cz\/index.php\/technika\/\",\"name\":\"Technika - Horsk\u00e9 louky\",\"isPartOf\":{\"@id\":\"https:\/\/horskelouky.cz\/#website\"},\"datePublished\":\"2024-01-10T13:29:56+00:00\",\"dateModified\":\"2025-07-24T07:32:10+00:00\",\"breadcrumb\":{\"@id\":\"https:\/\/horskelouky.cz\/index.php\/technika\/#breadcrumb\"},\"inLanguage\":\"cs\",\"potentialAction\":[{\"@type\":\"ReadAction\",\"target\":[\"https:\/\/horskelouky.cz\/index.php\/technika\/\"]}]},{\"@type\":\"BreadcrumbList\",\"@id\":\"https:\/\/horskelouky.cz\/index.php\/technika\/#breadcrumb\",\"itemListElement\":[{\"@type\":\"ListItem\",\"position\":1,\"name\":\"Dom\u016f\",\"item\":\"https:\/\/horskelouky.cz\/\"},{\"@type\":\"ListItem\",\"position\":2,\"name\":\"Technika\"}]},{\"@type\":\"WebSite\",\"@id\":\"https:\/\/horskelouky.cz\/#website\",\"url\":\"https:\/\/horskelouky.cz\/\",\"name\":\"Horsk\u00e9 louky\",\"description\":\"\",\"publisher\":{\"@id\":\"https:\/\/horskelouky.cz\/#organization\"},\"potentialAction\":[{\"@type\":\"SearchAction\",\"target\":{\"@type\":\"EntryPoint\",\"urlTemplate\":\"https:\/\/horskelouky.cz\/?s={search_term_string}\"},\"query-input\":\"required name=search_term_string\"}],\"inLanguage\":\"cs\"},{\"@type\":\"Organization\",\"@id\":\"https:\/\/horskelouky.cz\/#organization\",\"name\":\"Tom\u00e1\u0161 Kresta\",\"url\":\"https:\/\/horskelouky.cz\/\",\"logo\":{\"@type\":\"ImageObject\",\"inLanguage\":\"cs\",\"@id\":\"https:\/\/horskelouky.cz\/#\/schema\/logo\/image\/\",\"url\":\"https:\/\/horskelouky.cz\/wp-content\/uploads\/2023\/12\/logo-1.png\",\"contentUrl\":\"https:\/\/horskelouky.cz\/wp-content\/uploads\/2023\/12\/logo-1.png\",\"width\":500,\"height\":156,\"caption\":\"Tom\u00e1\u0161 Kresta\"},\"image\":{\"@id\":\"https:\/\/horskelouky.cz\/#\/schema\/logo\/image\/\"}}]}<\/script>\n<!-- \/ Yoast SEO plugin. -->","yoast_head_json":{"title":"Technika - Horsk\u00e9 louky","robots":{"index":"index","follow":"follow","max-snippet":"max-snippet:-1","max-image-preview":"max-image-preview:large","max-video-preview":"max-video-preview:-1"},"canonical":"https:\/\/horskelouky.cz\/index.php\/technika\/","og_locale":"cs_CZ","og_type":"article","og_title":"Technika - Horsk\u00e9 louky","og_description":"Seznam techniky: 1x &#8211; Traktor Antonio Carraro TTR 109001x &#8211; Traktor Antonio Carraro TTR 8900R2x &#8211; Mul\u010dova\u010d HUMUS A200H1x &#8211; Horsk\u00e1 p\u0159edn\u00ed diskov\u00e1 seka\u010dka\u00a0P\u00f6ttinger NOVAALPIN 221B1x &#8211; Horsk\u00fd obrace\u010d\u00a0P\u00f6ttinger ALPINHIT 4.4 H1x &#8211; Horsk\u00fd shrnova\u010d\u00a0P\u00f6ttinger ALPINTOP 300 U1x &#8211; Lesn\u00ed lanov\u00fd navij\u00e1k LN 5t PROFI1x &#8211; Naklada\u010d Bonatti MP4922, lopata, vidle1x &#8211; Bal\u00edkova\u010d Welger AP451x [&hellip;]","og_url":"https:\/\/horskelouky.cz\/index.php\/technika\/","og_site_name":"Horsk\u00e9 louky","article_modified_time":"2025-07-24T07:32:10+00:00","og_image":[{"width":2000,"height":1325,"url":"https:\/\/horskelouky.cz\/wp-content\/uploads\/2024\/01\/spring-meadow-1.jpg","type":"image\/jpeg"}],"twitter_card":"summary_large_image","twitter_misc":{"Odhadovan\u00e1 doba \u010dten\u00ed":"1 minuta"},"schema":{"@context":"https:\/\/schema.org","@graph":[{"@type":"WebPage","@id":"https:\/\/horskelouky.cz\/index.php\/technika\/","url":"https:\/\/horskelouky.cz\/index.php\/technika\/","name":"Technika - Horsk\u00e9 louky","isPartOf":{"@id":"https:\/\/horskelouky.cz\/#website"},"datePublished":"2024-01-10T13:29:56+00:00","dateModified":"2025-07-24T07:32:10+00:00","breadcrumb":{"@id":"https:\/\/horskelouky.cz\/index.php\/technika\/#breadcrumb"},"inLanguage":"cs","potentialAction":[{"@type":"ReadAction","target":["https:\/\/horskelouky.cz\/index.php\/technika\/"]}]},{"@type":"BreadcrumbList","@id":"https:\/\/horskelouky.cz\/index.php\/technika\/#breadcrumb","itemListElement":[{"@type":"ListItem","position":1,"name":"Dom\u016f","item":"https:\/\/horskelouky.cz\/"},{"@type":"ListItem","position":2,"name":"Technika"}]},{"@type":"WebSite","@id":"https:\/\/horskelouky.cz\/#website","url":"https:\/\/horskelouky.cz\/","name":"Horsk\u00e9 louky","description":"","publisher":{"@id":"https:\/\/horskelouky.cz\/#organization"},"potentialAction":[{"@type":"SearchAction","target":{"@type":"EntryPoint","urlTemplate":"https:\/\/horskelouky.cz\/?s={search_term_string}"},"query-input":"required name=search_term_string"}],"inLanguage":"cs"},{"@type":"Organization","@id":"https:\/\/horskelouky.cz\/#organization","name":"Tom\u00e1\u0161 Kresta","url":"https:\/\/horskelouky.cz\/","logo":{"@type":"ImageObject","inLanguage":"cs","@id":"https:\/\/horskelouky.cz\/#\/schema\/logo\/image\/","url":"https:\/\/horskelouky.cz\/wp-content\/uploads\/2023\/12\/logo-1.png","contentUrl":"https:\/\/horskelouky.cz\/wp-content\/uploads\/2023\/12\/logo-1.png","width":500,"height":156,"caption":"Tom\u00e1\u0161 Kresta"},"image":{"@id":"https:\/\/horskelouky.cz\/#\/schema\/logo\/image\/"}}]}},"_links":{"self":[{"href":"https:\/\/horskelouky.cz\/index.php\/wp-json\/wp\/v2\/pages\/16065"}],"collection":[{"href":"https:\/\/horskelouky.cz\/index.php\/wp-json\/wp\/v2\/pages"}],"about":[{"href":"https:\/\/horskelouky.cz\/index.php\/wp-json\/wp\/v2\/types\/page"}],"author":[{"embeddable":true,"href":"https:\/\/horskelouky.cz\/index.php\/wp-json\/wp\/v2\/users\/1"}],"replies":[{"embeddable":true,"href":"https:\/\/horskelouky.cz\/index.php\/wp-json\/wp\/v2\/comments?post=16065"}],"version-history":[{"count":7,"href":"https:\/\/horskelouky.cz\/index.php\/wp-json\/wp\/v2\/pages\/16065\/revisions"}],"predecessor-version":[{"id":16666,"href":"https:\/\/horskelouky.cz\/index.php\/wp-json\/wp\/v2\/pages\/16065\/revisions\/16666"}],"wp:featuredmedia":[{"embeddable":true,"href":"https:\/\/horskelouky.cz\/index.php\/wp-json\/wp\/v2\/media\/16233"}],"wp:attachment":[{"href":"https:\/\/horskelouky.cz\/index.php\/wp-json\/wp\/v2\/media?parent=16065"}],"curies":[{"name":"wp","href":"https:\/\/api.w.org\/{rel}","templated":true}]}}